{"id":4871,"date":"2022-08-09T16:43:03","date_gmt":"2022-08-09T16:43:03","guid":{"rendered":"http:\/\/be_admin"},"modified":"2024-02-16T05:00:02","modified_gmt":"2024-02-16T05:00:02","slug":"telephonie-residentielle","status":"publish","type":"page","link":"https:\/\/www.comwave.net\/residential\/telephonie-residentielle\/","title":{"rendered":"T\u00e9l\u00e9phonie r\u00e9sidentielle"},"content":{"rendered":"","protected":false},"excerpt":{"rendered":"","protected":false},"author":1,"featured_media":0,"parent":0,"menu_order":0,"comment_status":"closed","ping_status":"closed","template":"","meta":{"_acf_changed":false,"footnotes":""},"class_list":["post-4871","page","type-page","status-publish","hentry","entry"],"acf":[],"_links":{"self":[{"href":"https:\/\/www.comwave.net\/residential\/wp-json\/wp\/v2\/pages\/4871"}],"collection":[{"href":"https:\/\/www.comwave.net\/residential\/wp-json\/wp\/v2\/pages"}],"about":[{"href":"https:\/\/www.comwave.net\/residential\/wp-json\/wp\/v2\/types\/page"}],"author":[{"embeddable":true,"href":"https:\/\/www.comwave.net\/residential\/wp-json\/wp\/v2\/users\/1"}],"replies":[{"embeddable":true,"href":"https:\/\/www.comwave.net\/residential\/wp-json\/wp\/v2\/comments?post=4871"}],"version-history":[{"count":2,"href":"https:\/\/www.comwave.net\/residential\/wp-json\/wp\/v2\/pages\/4871\/revisions"}],"predecessor-version":[{"id":8868,"href":"https:\/\/www.comwave.net\/residential\/wp-json\/wp\/v2\/pages\/4871\/revisions\/8868"}],"wp:attachment":[{"href":"https:\/\/www.comwave.net\/residential\/wp-json\/wp\/v2\/media?parent=4871"}],"curies":[{"name":"wp","href":"https:\/\/api.w.org\/{rel}","templated":true}]}}